{"id":124,"date":"2019-01-14T20:33:09","date_gmt":"2019-01-14T19:33:09","guid":{"rendered":"http:\/\/viveleconservatoiredebrest.org\/?page_id=124"},"modified":"2021-01-13T18:06:16","modified_gmt":"2021-01-13T17:06:16","slug":"qui-sommes-nous","status":"publish","type":"page","link":"https:\/\/viveleconservatoiredebrest.org\/index.php\/lassociation\/qui-sommes-nous\/","title":{"rendered":"Qui sommes nous&nbsp;?"},"content":{"rendered":"\n<p>L\u2019association <strong>\u201cVive le conservatoire de Brest&nbsp;!\u201d<\/strong> a \u00e9t\u00e9 fond\u00e9e \u00e0 la fin de l\u2019ann\u00e9e 2016 par des \u00e9l\u00e8ves, parents d\u2019\u00e9l\u00e8ves et amis du conservatoire alors que des menaces s\u00e9rieuses assombrissaient l\u2019avenir du conservatoire \u00e0 rayonnement r\u00e9gional de musique, danse et art dramatique de Brest (tous les mots sont importants&nbsp;!).<\/p>\n\n\n\n<p>Apr\u00e8s r\u00e9flexion, une assembl\u00e9e constitutive a eu lieu le 4&nbsp;f\u00e9vrier 2017 et les <a href=\"https:\/\/viveleconservatoiredebrest.org\/index.php\/statuts\/\">statuts<\/a> ont \u00e9t\u00e9 d\u00e9pos\u00e9s le 7&nbsp;juillet 2017.<\/p>\n\n\n\n<p>Les objectifs de l\u2019association sont \u201caux c\u00f4t\u00e9s du Conservatoire \u00e0 rayonnement r\u00e9gional de musique, de danse et d\u2019art dramatique de Brest m\u00e9tropole [\u2026], de favoriser la pratique, la d\u00e9couverte et la connaissance de la musique, de la danse et du th\u00e9\u00e2tre dans et autour du Pays de Brest et de soutenir les actions men\u00e9es par ledit Conservatoire de Brest. Elle participe, aux c\u00f4t\u00e9s du Conservatoire de Brest et de ses enseignants, aux actions qui visent \u00e0 le renforcer et \u00e0 d\u00e9velopper les relations entre les usagers du Conservatoire de Brest, son personnel et son administration. Elle s\u2019adresse aux \u00e9l\u00e8ves, parents d\u2019\u00e9l\u00e8ves et amis du Conservatoire de Brest ainsi qu\u2019\u00e0 toute personne ou structure aupr\u00e8s de laquelle il intervient.\u201d (article 2 des <a href=\"https:\/\/viveleconservatoiredebrest.org\/index.php\/statuts\/\">statuts<\/a>)<\/p>\n\n\n\n<p>Ce site se veut l\u2019expression permanente de cette action pour permettre la r\u00e9alisation de ces objectifs, ponctuels ou sur une plus longue dur\u00e9e.<\/p>\n\n\n\n<p>Comme l\u2019association, il ne peut vivre que gr\u00e2ce \u00e0 ses membres.<\/p>\n\n\n\n<p>N\u2019h\u00e9sitez pas \u00e0 <a href=\"https:\/\/viveleconservatoiredebrest.org\/index.php\/adhesion\/\">nous rejoindre<\/a>&nbsp;!<\/p>\n","protected":false},"excerpt":{"rendered":"<p>L\u2019association \u201cVive le conservatoire de Brest&nbsp;!\u201d a \u00e9t\u00e9 fond\u00e9e \u00e0 la fin de l\u2019ann\u00e9e 2016 par des \u00e9l\u00e8ves, parents d\u2019\u00e9l\u00e8ves et amis du conservatoire alors que des menaces s\u00e9rieuses assombrissaient &hellip; <\/p>\n<p class=\"link-more\"><a href=\"https:\/\/viveleconservatoiredebrest.org\/index.php\/lassociation\/qui-sommes-nous\/\" class=\"more-link\">Continuer la lecture<span class=\"screen-reader-text\"> de &laquo;&nbsp;Qui sommes nous&nbsp;?&nbsp;&raquo;<\/span><\/a><\/p>\n","protected":false},"author":1,"featured_media":0,"parent":106,"menu_order":0,"comment_status":"closed","ping_status":"closed","template":"","meta":{"footnotes":""},"class_list":["post-124","page","type-page","status-publish","hentry"],"yoast_head":"<!-- This site is optimized with the Yoast SEO plugin v27.4 - https:\/\/yoast.com\/product\/yoast-seo-wordpress\/ -->\n<title>Qui sommes nous&nbsp;? &#8211; Vive le conservatoire de Brest !<\/title>\n<meta name=\"robots\" content=\"index, follow, max-snippet:-1, max-image-preview:large, max-video-preview:-1\" \/>\n<link rel=\"canonical\" href=\"https:\/\/viveleconservatoiredebrest.org\/index.php\/lassociation\/qui-sommes-nous\/\" \/>\n<meta property=\"og:locale\" content=\"fr_FR\" \/>\n<meta property=\"og:type\" content=\"article\" \/>\n<meta property=\"og:title\" content=\"Qui sommes nous&nbsp;? &#8211; Vive le conservatoire de Brest !\" \/>\n<meta property=\"og:description\" content=\"L\u2019association \u201cVive le conservatoire de Brest&nbsp;!\u201d a \u00e9t\u00e9 fond\u00e9e \u00e0 la fin de l\u2019ann\u00e9e 2016 par des \u00e9l\u00e8ves, parents d\u2019\u00e9l\u00e8ves et amis du conservatoire alors que des menaces s\u00e9rieuses assombrissaient &hellip; Continuer la lecture de &laquo;&nbsp;Qui sommes nous&nbsp;?&nbsp;&raquo;\" \/>\n<meta property=\"og:url\" content=\"https:\/\/viveleconservatoiredebrest.org\/index.php\/lassociation\/qui-sommes-nous\/\" \/>\n<meta property=\"og:site_name\" content=\"Vive le conservatoire de Brest !\" \/>\n<meta property=\"article:publisher\" content=\"https:\/\/www.facebook.com\/ViveleConservatoire\/\" \/>\n<meta property=\"article:modified_time\" content=\"2021-01-13T17:06:16+00:00\" \/>\n<meta name=\"twitter:card\" content=\"summary_large_image\" \/>\n<meta name=\"twitter:label1\" content=\"Dur\u00e9e de lecture estim\u00e9e\" \/>\n\t<meta name=\"twitter:data1\" content=\"2 minutes\" \/>\n<script type=\"application\/ld+json\" class=\"yoast-schema-graph\">{\"@context\":\"https:\\\/\\\/schema.org\",\"@graph\":[{\"@type\":\"WebPage\",\"@id\":\"https:\\\/\\\/viveleconservatoiredebrest.org\\\/index.php\\\/lassociation\\\/qui-sommes-nous\\\/\",\"url\":\"https:\\\/\\\/viveleconservatoiredebrest.org\\\/index.php\\\/lassociation\\\/qui-sommes-nous\\\/\",\"name\":\"Qui sommes nous&nbsp;? &#8211; Vive le conservatoire de Brest !\",\"isPartOf\":{\"@id\":\"https:\\\/\\\/viveleconservatoiredebrest.org\\\/#website\"},\"datePublished\":\"2019-01-14T19:33:09+00:00\",\"dateModified\":\"2021-01-13T17:06:16+00:00\",\"breadcrumb\":{\"@id\":\"https:\\\/\\\/viveleconservatoiredebrest.org\\\/index.php\\\/lassociation\\\/qui-sommes-nous\\\/#breadcrumb\"},\"inLanguage\":\"fr-FR\",\"potentialAction\":[{\"@type\":\"ReadAction\",\"target\":[\"https:\\\/\\\/viveleconservatoiredebrest.org\\\/index.php\\\/lassociation\\\/qui-sommes-nous\\\/\"]}]},{\"@type\":\"BreadcrumbList\",\"@id\":\"https:\\\/\\\/viveleconservatoiredebrest.org\\\/index.php\\\/lassociation\\\/qui-sommes-nous\\\/#breadcrumb\",\"itemListElement\":[{\"@type\":\"ListItem\",\"position\":1,\"name\":\"Accueil\",\"item\":\"https:\\\/\\\/viveleconservatoiredebrest.org\\\/\"},{\"@type\":\"ListItem\",\"position\":2,\"name\":\"L&rsquo;association\",\"item\":\"https:\\\/\\\/viveleconservatoiredebrest.org\\\/index.php\\\/lassociation\\\/\"},{\"@type\":\"ListItem\",\"position\":3,\"name\":\"Qui sommes nous&nbsp;?\"}]},{\"@type\":\"WebSite\",\"@id\":\"https:\\\/\\\/viveleconservatoiredebrest.org\\\/#website\",\"url\":\"https:\\\/\\\/viveleconservatoiredebrest.org\\\/\",\"name\":\"Association \u201cVive le conservatoire de Brest\u00a0!\u201d\",\"description\":\"Plateforme de l&#039;association des \u00e9l\u00e8ves, parents d&#039;\u00e9l\u00e8ves et amis du conservatoire \u00e0 rayonnement r\u00e9gional de Brest m\u00e9tropole\",\"publisher\":{\"@id\":\"https:\\\/\\\/viveleconservatoiredebrest.org\\\/#organization\"},\"potentialAction\":[{\"@type\":\"SearchAction\",\"target\":{\"@type\":\"EntryPoint\",\"urlTemplate\":\"https:\\\/\\\/viveleconservatoiredebrest.org\\\/?s={search_term_string}\"},\"query-input\":{\"@type\":\"PropertyValueSpecification\",\"valueRequired\":true,\"valueName\":\"search_term_string\"}}],\"inLanguage\":\"fr-FR\"},{\"@type\":\"Organization\",\"@id\":\"https:\\\/\\\/viveleconservatoiredebrest.org\\\/#organization\",\"name\":\"Association \u201cVive le conservatoire de Brest\u00a0!\u201d\",\"url\":\"https:\\\/\\\/viveleconservatoiredebrest.org\\\/\",\"logo\":{\"@type\":\"ImageObject\",\"inLanguage\":\"fr-FR\",\"@id\":\"https:\\\/\\\/viveleconservatoiredebrest.org\\\/#\\\/schema\\\/logo\\\/image\\\/\",\"url\":\"http:\\\/\\\/viveleconservatoiredebrest.org\\\/wp-content\\\/uploads\\\/2019\\\/01\\\/Logo_icone-1.gif\",\"contentUrl\":\"http:\\\/\\\/viveleconservatoiredebrest.org\\\/wp-content\\\/uploads\\\/2019\\\/01\\\/Logo_icone-1.gif\",\"width\":512,\"height\":856,\"caption\":\"Association \u201cVive le conservatoire de Brest\u00a0!\u201d\"},\"image\":{\"@id\":\"https:\\\/\\\/viveleconservatoiredebrest.org\\\/#\\\/schema\\\/logo\\\/image\\\/\"},\"sameAs\":[\"https:\\\/\\\/www.facebook.com\\\/ViveleConservatoire\\\/\"]}]}<\/script>\n<!-- \/ Yoast SEO plugin. -->","yoast_head_json":{"title":"Qui sommes nous&nbsp;? &#8211; Vive le conservatoire de Brest !","robots":{"index":"index","follow":"follow","max-snippet":"max-snippet:-1","max-image-preview":"max-image-preview:large","max-video-preview":"max-video-preview:-1"},"canonical":"https:\/\/viveleconservatoiredebrest.org\/index.php\/lassociation\/qui-sommes-nous\/","og_locale":"fr_FR","og_type":"article","og_title":"Qui sommes nous&nbsp;? &#8211; Vive le conservatoire de Brest !","og_description":"L\u2019association \u201cVive le conservatoire de Brest&nbsp;!\u201d a \u00e9t\u00e9 fond\u00e9e \u00e0 la fin de l\u2019ann\u00e9e 2016 par des \u00e9l\u00e8ves, parents d\u2019\u00e9l\u00e8ves et amis du conservatoire alors que des menaces s\u00e9rieuses assombrissaient &hellip; Continuer la lecture de &laquo;&nbsp;Qui sommes nous&nbsp;?&nbsp;&raquo;","og_url":"https:\/\/viveleconservatoiredebrest.org\/index.php\/lassociation\/qui-sommes-nous\/","og_site_name":"Vive le conservatoire de Brest !","article_publisher":"https:\/\/www.facebook.com\/ViveleConservatoire\/","article_modified_time":"2021-01-13T17:06:16+00:00","twitter_card":"summary_large_image","twitter_misc":{"Dur\u00e9e de lecture estim\u00e9e":"2 minutes"},"schema":{"@context":"https:\/\/schema.org","@graph":[{"@type":"WebPage","@id":"https:\/\/viveleconservatoiredebrest.org\/index.php\/lassociation\/qui-sommes-nous\/","url":"https:\/\/viveleconservatoiredebrest.org\/index.php\/lassociation\/qui-sommes-nous\/","name":"Qui sommes nous&nbsp;? &#8211; Vive le conservatoire de Brest !","isPartOf":{"@id":"https:\/\/viveleconservatoiredebrest.org\/#website"},"datePublished":"2019-01-14T19:33:09+00:00","dateModified":"2021-01-13T17:06:16+00:00","breadcrumb":{"@id":"https:\/\/viveleconservatoiredebrest.org\/index.php\/lassociation\/qui-sommes-nous\/#breadcrumb"},"inLanguage":"fr-FR","potentialAction":[{"@type":"ReadAction","target":["https:\/\/viveleconservatoiredebrest.org\/index.php\/lassociation\/qui-sommes-nous\/"]}]},{"@type":"BreadcrumbList","@id":"https:\/\/viveleconservatoiredebrest.org\/index.php\/lassociation\/qui-sommes-nous\/#breadcrumb","itemListElement":[{"@type":"ListItem","position":1,"name":"Accueil","item":"https:\/\/viveleconservatoiredebrest.org\/"},{"@type":"ListItem","position":2,"name":"L&rsquo;association","item":"https:\/\/viveleconservatoiredebrest.org\/index.php\/lassociation\/"},{"@type":"ListItem","position":3,"name":"Qui sommes nous&nbsp;?"}]},{"@type":"WebSite","@id":"https:\/\/viveleconservatoiredebrest.org\/#website","url":"https:\/\/viveleconservatoiredebrest.org\/","name":"Association \u201cVive le conservatoire de Brest\u00a0!\u201d","description":"Plateforme de l&#039;association des \u00e9l\u00e8ves, parents d&#039;\u00e9l\u00e8ves et amis du conservatoire \u00e0 rayonnement r\u00e9gional de Brest m\u00e9tropole","publisher":{"@id":"https:\/\/viveleconservatoiredebrest.org\/#organization"},"potentialAction":[{"@type":"SearchAction","target":{"@type":"EntryPoint","urlTemplate":"https:\/\/viveleconservatoiredebrest.org\/?s={search_term_string}"},"query-input":{"@type":"PropertyValueSpecification","valueRequired":true,"valueName":"search_term_string"}}],"inLanguage":"fr-FR"},{"@type":"Organization","@id":"https:\/\/viveleconservatoiredebrest.org\/#organization","name":"Association \u201cVive le conservatoire de Brest\u00a0!\u201d","url":"https:\/\/viveleconservatoiredebrest.org\/","logo":{"@type":"ImageObject","inLanguage":"fr-FR","@id":"https:\/\/viveleconservatoiredebrest.org\/#\/schema\/logo\/image\/","url":"http:\/\/viveleconservatoiredebrest.org\/wp-content\/uploads\/2019\/01\/Logo_icone-1.gif","contentUrl":"http:\/\/viveleconservatoiredebrest.org\/wp-content\/uploads\/2019\/01\/Logo_icone-1.gif","width":512,"height":856,"caption":"Association \u201cVive le conservatoire de Brest\u00a0!\u201d"},"image":{"@id":"https:\/\/viveleconservatoiredebrest.org\/#\/schema\/logo\/image\/"},"sameAs":["https:\/\/www.facebook.com\/ViveleConservatoire\/"]}]}},"_links":{"self":[{"href":"https:\/\/viveleconservatoiredebrest.org\/index.php\/wp-json\/wp\/v2\/pages\/124","targetHints":{"allow":["GET"]}}],"collection":[{"href":"https:\/\/viveleconservatoiredebrest.org\/index.php\/wp-json\/wp\/v2\/pages"}],"about":[{"href":"https:\/\/viveleconservatoiredebrest.org\/index.php\/wp-json\/wp\/v2\/types\/page"}],"author":[{"embeddable":true,"href":"https:\/\/viveleconservatoiredebrest.org\/index.php\/wp-json\/wp\/v2\/users\/1"}],"replies":[{"embeddable":true,"href":"https:\/\/viveleconservatoiredebrest.org\/index.php\/wp-json\/wp\/v2\/comments?post=124"}],"version-history":[{"count":9,"href":"https:\/\/viveleconservatoiredebrest.org\/index.php\/wp-json\/wp\/v2\/pages\/124\/revisions"}],"predecessor-version":[{"id":1038,"href":"https:\/\/viveleconservatoiredebrest.org\/index.php\/wp-json\/wp\/v2\/pages\/124\/revisions\/1038"}],"up":[{"embeddable":true,"href":"https:\/\/viveleconservatoiredebrest.org\/index.php\/wp-json\/wp\/v2\/pages\/106"}],"wp:attachment":[{"href":"https:\/\/viveleconservatoiredebrest.org\/index.php\/wp-json\/wp\/v2\/media?parent=124"}],"curies":[{"name":"wp","href":"https:\/\/api.w.org\/{rel}","templated":true}]}}